{"id":8,"date":"2015-11-10T11:09:41","date_gmt":"2015-11-10T11:09:41","guid":{"rendered":"http:\/\/localhost\/onl\/?page_id=8"},"modified":"2015-12-31T14:57:41","modified_gmt":"2015-12-31T12:57:41","slug":"kokemuksia","status":"publish","type":"page","link":"https:\/\/teologiaaopiskelemaan.fi\/index.php\/kokemuksia\/","title":{"rendered":"Kokemuksia"},"content":{"rendered":"<p><br \/>\n<div id=\"testimonial_rotator_wrap_94\" class=\"testimonial_rotator_wrap\">\n\t<div id=\"testimonial_rotator_94\" class=\"testimonial_rotator hreview-aggregate format-list template-default\" data-cycletwo-timeout=\"5000\" data-cycletwo-speed=\"1000\" data-cycletwo-pause-on-hover=\"true\"  data-cycletwo-swipe=\"true\" data-cycletwo-fx=\"none\" data-cycletwo-auto-height=\"calc\" data-cycletwo-slides=\"> div.slide\" data-cycletwo-log=\"false\" >\n<div class=\"slide slide1 testimonial_rotator_slide hreview itemreviewed item has-image cf-tr\">\n<div class=\"testimonial_rotator_img img\"><img loading=\"lazy\" decoding=\"async\" width=\"150\" height=\"150\" src=\"https:\/\/teologiaaopiskelemaan.fi\/onl\/wp-content\/uploads\/2015\/12\/ituomas-150x150.jpg\" class=\"attachment-thumbnail size-thumbnail wp-post-image\" alt=\"\" \/><\/div>\n<div class=\"text testimonial_rotator_description\">\n<h2 class=\"testimonial_rotator_slide_title\">Tuomas Kallonen<\/h2>\n<div class=\"testimonial_rotator_quote\">\nHakeuduin lukion j\u00e4lkeen opiskelemaan filosofiaa, koska en halunnut valmistaa enk\u00e4 myyd\u00e4 ty\u00f6kseni mit\u00e4\u00e4n turhanp\u00e4iv\u00e4ist\u00e4. Ajattelin, ett\u00e4 filosofina voisin ainakin minimoida... <a class=\"read-more\" href=\"https:\/\/teologiaaopiskelemaan.fi\/index.php\/testimonials\/tuomas\/\">Lue lis\u00e4\u00e4...<\/a><\/div>\n<div class=\"testimonial_rotator_author_info cf-tr\">\n<p><a href=\"\/index.php\/koulutusohjelmat\/kirkon-ja-kulttuurin-linja\/\">Teologi<\/a><\/p>\n<\/div>\n<\/div>\n<\/div>\n<div class=\"slide slide2 testimonial_rotator_slide hreview itemreviewed item has-image cf-tr\">\n<div class=\"testimonial_rotator_img img\"><img loading=\"lazy\" decoding=\"async\" width=\"150\" height=\"150\" src=\"https:\/\/teologiaaopiskelemaan.fi\/onl\/wp-content\/uploads\/2015\/12\/tapio-150x150.jpg\" class=\"attachment-thumbnail size-thumbnail wp-post-image\" alt=\"\" \/><\/div>\n<div class=\"text testimonial_rotator_description\">\n<h2 class=\"testimonial_rotator_slide_title\">Tapio Juntunen<\/h2>\n<div class=\"testimonial_rotator_quote\">\nTeologia alkoi kiinnostaa minua aikuisi\u00e4n kynnyksell\u00e4 alettuani pohtia hengelliseen el\u00e4m\u00e4\u00e4n liittyvi\u00e4 kysymyksi\u00e4. Aloitin teologian opinnot Helsingin yliopistossa, mutta tieni johti... <a class=\"read-more\" href=\"https:\/\/teologiaaopiskelemaan.fi\/index.php\/testimonials\/tapio\/\">Lue lis\u00e4\u00e4...<\/a><\/div>\n<div class=\"testimonial_rotator_author_info cf-tr\">\n<p><a href=\"https:\/\/teologiaaopiskelemaan.fi\/index.php\/koulutusohjelmat\/teologi\/\">Teologi<\/a><\/p>\n<\/div>\n<\/div>\n<\/div>\n<div class=\"slide slide3 testimonial_rotator_slide hreview itemreviewed item has-image cf-tr\">\n<div class=\"testimonial_rotator_img img\"><img loading=\"lazy\" decoding=\"async\" width=\"200\" height=\"200\" src=\"https:\/\/teologiaaopiskelemaan.fi\/onl\/wp-content\/uploads\/2015\/12\/lidija-e1450699652315-200x200.jpg\" class=\"attachment-thumbnail size-thumbnail wp-post-image\" alt=\"\" \/><\/div>\n<div class=\"text testimonial_rotator_description\">\n<h2 class=\"testimonial_rotator_slide_title\">Lidija Cederstr\u00f6m-H\u00e4nninen<\/h2>\n<div class=\"testimonial_rotator_quote\">\nMik\u00e4 voisi olla t\u00e4rke\u00e4mp\u00e4\u00e4 kuin pohtia lasten kanssa yhdess\u00e4 el\u00e4m\u00e4\u00e4, Jumalaa, hyvyytt\u00e4 ja rakkautta \u2013 kouluopetuksen tiedollista puoltakaan unohtamatta. Oman... <a class=\"read-more\" href=\"https:\/\/teologiaaopiskelemaan.fi\/index.php\/testimonials\/lidija\/\">Lue lis\u00e4\u00e4...<\/a><\/div>\n<div class=\"testimonial_rotator_author_info cf-tr\">\n<p><a href=\"\/index.php\/koulutusohjelmat\/opetusala\/\">Opetusala<\/a><\/p>\n<\/div>\n<\/div>\n<\/div>\n<div class=\"slide slide4 testimonial_rotator_slide hreview itemreviewed item has-image cf-tr\">\n<div class=\"testimonial_rotator_img img\"><img loading=\"lazy\" decoding=\"async\" width=\"150\" height=\"150\" src=\"https:\/\/teologiaaopiskelemaan.fi\/onl\/wp-content\/uploads\/2015\/12\/helena-150x150.jpg\" class=\"attachment-thumbnail size-thumbnail wp-post-image\" alt=\"\" \/><\/div>\n<div class=\"text testimonial_rotator_description\">\n<h2 class=\"testimonial_rotator_slide_title\">Helena Penttinen<\/h2>\n<div class=\"testimonial_rotator_quote\">\nOrtodoksinen teologia kiinnosti minua jo ala-astei\u00e4ss\u00e4 ja my\u00f6s vanhemmillani on kokemusta alalta. Hain opiskelemaan, koska halusin syvent\u00e4\u00e4 teologista tiet\u00e4myst\u00e4ni \u2013... <a class=\"read-more\" href=\"https:\/\/teologiaaopiskelemaan.fi\/index.php\/testimonials\/helena\/\">Lue lis\u00e4\u00e4...<\/a><\/div>\n<div class=\"testimonial_rotator_author_info cf-tr\">\n<p><a href=\"\/index.php\/koulutusohjelmat\/opetusala\/\">Opetusala<\/a><\/p>\n<\/div>\n<\/div>\n<\/div>\n<div class=\"slide slide5 testimonial_rotator_slide hreview itemreviewed item has-image cf-tr\">\n<div class=\"testimonial_rotator_img img\"><img loading=\"lazy\" decoding=\"async\" width=\"150\" height=\"150\" src=\"https:\/\/teologiaaopiskelemaan.fi\/onl\/wp-content\/uploads\/2015\/12\/larissa-150x150.jpg\" class=\"attachment-thumbnail size-thumbnail wp-post-image\" alt=\"\" \/><\/div>\n<div class=\"text testimonial_rotator_description\">\n<h2 class=\"testimonial_rotator_slide_title\">Larissa Qvintus<\/h2>\n<div class=\"testimonial_rotator_quote\">\nYlioppilastutkinnon suoritettuani kirjasin p\u00e4iv\u00e4kirjaan erilaisia urapolkuja. 19-vuotiaan tekem\u00e4ll\u00e4 listalla oli monia oppilaitosvaihtoehtoja, joista yhdess\u00e4 olin jo aloittanutkin. Listan viimeisell\u00e4 rivill\u00e4... <a class=\"read-more\" href=\"https:\/\/teologiaaopiskelemaan.fi\/index.php\/testimonials\/larissa\/\">Lue lis\u00e4\u00e4...<\/a><\/div>\n<div class=\"testimonial_rotator_author_info cf-tr\">\n<p><a href=\"\/index.php\/koulutusohjelmat\/kirkkomusiikin-linja\/\">Kirkkomusiikki<\/a><\/p>\n<\/div>\n<\/div>\n<\/div>\n<div class=\"slide slide6 testimonial_rotator_slide hreview itemreviewed item has-image cf-tr\">\n<div class=\"testimonial_rotator_img img\"><img loading=\"lazy\" decoding=\"async\" width=\"200\" height=\"200\" src=\"https:\/\/teologiaaopiskelemaan.fi\/onl\/wp-content\/uploads\/2015\/12\/heikki-e1450699578800-200x200.jpg\" class=\"attachment-thumbnail size-thumbnail wp-post-image\" alt=\"\" srcset=\"https:\/\/teologiaaopiskelemaan.fi\/onl\/wp-content\/uploads\/2015\/12\/heikki-e1450699578800-200x200.jpg 200w, https:\/\/teologiaaopiskelemaan.fi\/onl\/wp-content\/uploads\/2015\/12\/heikki-e1450699578800.jpg 239w\" sizes=\"auto, (max-width: 200px) 100vw, 200px\" \/><\/div>\n<div class=\"text testimonial_rotator_description\">\n<h2 class=\"testimonial_rotator_slide_title\">Heikki Hattunen<\/h2>\n<div class=\"testimonial_rotator_quote\">\nAloin k\u00e4yd\u00e4 kirkossa lukioaikanani Lieksassa. Kirkon el\u00e4m\u00e4 alkoi kiinnostaa yh\u00e4 enemm\u00e4n ja lopulta ainoa j\u00e4rkev\u00e4 vaihtoehto oli hakea opiskelemaan teologiaa.... <a class=\"read-more\" href=\"https:\/\/teologiaaopiskelemaan.fi\/index.php\/testimonials\/heikki\/\">Lue lis\u00e4\u00e4...<\/a><\/div>\n<div class=\"testimonial_rotator_author_info cf-tr\">\n<p><a href=\"\/index.php\/koulutusohjelmat\/kirkkomusiikin-linja\/\">Kirkkomusiikki<\/a><\/p>\n<\/div>\n<\/div>\n<\/div>\n<\/div><!-- #testimonial_rotator_94 -->\n<\/div><!-- .testimonial_rotator_wrap -->\n\n<\/p>\n<hr>\n<p><a class=\"padding\" href=\"\/index.php\/hakuohjeet\/\"><i class=\"fa fa-chevron-right\"><\/i> Hakuohjeet<\/a><\/p>\n","protected":false},"excerpt":{"rendered":"<p>Hakuohjeet<\/p>\n","protected":false},"author":1,"featured_media":0,"parent":0,"menu_order":0,"comment_status":"closed","ping_status":"closed","template":"","meta":{"inline_featured_image":false,"_monsterinsights_skip_tracking":false,"_monsterinsights_sitenote_active":false,"_monsterinsights_sitenote_note":"","_monsterinsights_sitenote_category":0,"footnotes":""},"class_list":["post-8","page","type-page","status-publish","hentry"],"_links":{"self":[{"href":"https:\/\/teologiaaopiskelemaan.fi\/index.php\/wp-json\/wp\/v2\/pages\/8","targetHints":{"allow":["GET"]}}],"collection":[{"href":"https:\/\/teologiaaopiskelemaan.fi\/index.php\/wp-json\/wp\/v2\/pages"}],"about":[{"href":"https:\/\/teologiaaopiskelemaan.fi\/index.php\/wp-json\/wp\/v2\/types\/page"}],"author":[{"embeddable":true,"href":"https:\/\/teologiaaopiskelemaan.fi\/index.php\/wp-json\/wp\/v2\/users\/1"}],"replies":[{"embeddable":true,"href":"https:\/\/teologiaaopiskelemaan.fi\/index.php\/wp-json\/wp\/v2\/comments?post=8"}],"version-history":[{"count":17,"href":"https:\/\/teologiaaopiskelemaan.fi\/index.php\/wp-json\/wp\/v2\/pages\/8\/revisions"}],"predecessor-version":[{"id":577,"href":"https:\/\/teologiaaopiskelemaan.fi\/index.php\/wp-json\/wp\/v2\/pages\/8\/revisions\/577"}],"wp:attachment":[{"href":"https:\/\/teologiaaopiskelemaan.fi\/index.php\/wp-json\/wp\/v2\/media?parent=8"}],"curies":[{"name":"wp","href":"https:\/\/api.w.org\/{rel}","templated":true}]}}